{"id":568,"date":"2016-09-26T17:11:17","date_gmt":"2016-09-26T15:11:17","guid":{"rendered":"http:\/\/www.uesc-waldmichelbach.de\/uesc\/?page_id=568"},"modified":"2024-05-09T23:45:25","modified_gmt":"2024-05-09T21:45:25","slug":"der-vorstand-201617","status":"publish","type":"page","link":"https:\/\/www.uesc-waldmichelbach.de\/uesc\/der-vorstand-201617\/","title":{"rendered":"Der Vorstand 2024\/25"},"content":{"rendered":"\n<figure class=\"wp-block-image size-full\"><img fetchpriority=\"high\" decoding=\"async\" width=\"1024\" height=\"856\" src=\"https:\/\/www.uesc-waldmichelbach.de\/uesc\/wp-content\/uploads\/2022\/05\/vorstand_2022.jpg\" alt=\"\" class=\"wp-image-1315\" srcset=\"https:\/\/www.uesc-waldmichelbach.de\/uesc\/wp-content\/uploads\/2022\/05\/vorstand_2022.jpg 1024w, https:\/\/www.uesc-waldmichelbach.de\/uesc\/wp-content\/uploads\/2022\/05\/vorstand_2022-600x502.jpg 600w, https:\/\/www.uesc-waldmichelbach.de\/uesc\/wp-content\/uploads\/2022\/05\/vorstand_2022-300x251.jpg 300w, https:\/\/www.uesc-waldmichelbach.de\/uesc\/wp-content\/uploads\/2022\/05\/vorstand_2022-768x642.jpg 768w, https:\/\/www.uesc-waldmichelbach.de\/uesc\/wp-content\/uploads\/2022\/05\/vorstand_2022-359x300.jpg 359w\" sizes=\"(max-width: 1024px) 100vw, 1024px\" \/><\/figure>\n\n\n\n<p><strong>Der Vorstand (von links):<\/strong><br>Alexander Limp, Michael Klieber, Wolfgang Wagner, Michael Ke\u00dfler, Matthias Knapp, Walter Fieber, Kurt v. Rennenkampff, Jenny Heiligenthal, Irina Burger und Wolfgang Hering.<\/p>\n\n\n\n<h1 class=\"wp-block-heading has-medium-font-size\">Kontakt:<\/h1>\n\n\n\n<p><b>1. Vorsitzender:<br><\/b>Michael Ke\u00dfler, Im Krappenklingen 2A, 69483 Wald-Michelbach<br>Tel.: 06207\/605976 &nbsp;oder &nbsp;0160\/94715454<br>E-Mail: michael@uesc-waldmichelbach.de<\/p>\n\n\n\n<p><b>2. Vorsitzender:<br><\/b>Michael Klieber, Brunhildstra\u00dfe 5, 64689 Wahlen<br>Tel.: 0152\/53446370<br>E-Mail: michaelklieber(at)gmx.de<\/p>\n\n\n\n<p><b>Kassenwart:<br><\/b>Walter Fieber,&nbsp;H\u00f6henstra\u00dfe 28, 69518 Abtsteinach<br>Tel.: 06207\/922033<br>E-Mail:&nbsp;walter.fieber@t-online.de<\/p>\n\n\n\n<p><b>Schriftf\u00fchrerin:<br><\/b>Irina Burger,&nbsp;Pestalozzistra\u00dfe 11, 69483 Wald-Michelbach<br>Tel.: 06207\/605547<br>E-Mail:&nbsp;irina.burger@t-online.de<\/p>\n\n\n\n<p><b>Jugendwartin:<br><\/b>Sabrina Kr\u00e4mer<br>Tel.: 0176\/30423521<br>E-Mail: sabrinakraemer@freenet.de<\/p>\n\n\n\n<p><b>Abteilungsleiter&nbsp;Volleyball:<br><\/b>Kurt von Rennenkampff,&nbsp;Am Wetzel 20, 69483 Wald-Michelbach<br>Tel.: 06207\/6118<br>E-Mail: kurtrennenkampff@t-online.de<\/p>\n\n\n\n<p><b>Abteilungsleiter&nbsp;Basketball:<br><\/b>Wolfgang Hering, Humboldtstra\u00dfe 17, 64658 F\u00fcrth<br>Tel.: 0176\/24602060<br>E-Mail: huschke_hering@web.de<\/p>\n\n\n\n<p><b>Abteilungsleiter&nbsp;Badminton:<br><\/b>Matthias Knapp,&nbsp;Bocksbergstr. 5, 69483 Wald-Michelbach<br>Tel.:&nbsp;06207\/923462<br>E-Mail:&nbsp;matthiasknapp@gmx.de<\/p>\n\n\n\n<p><b>Beisitzer:<br><\/b><\/p>\n\n\n\n<p>Wolfgang Wagner,&nbsp;Stallenkandel 11A, 69483 Wald-Michelbach<br>Tel.:&nbsp;06207\/6544<br>E-Mail:&nbsp;welgi@gmx.de<\/p>\n\n\n\n<p>Jennifer Schmitt, Sandweg 15\/1, 69469 Weinheim<\/p>\n\n\n\n<p>Alexander Limp, Kiefernweg 16, 69517 Gorxheimertal<br>E-Mail: alex@uesc-waldmichelbach.de<\/p>\n\n\n\n<p>Lisa Schmidt<\/p>\n\n\n\n<p>Fabian K\u00f6rner<\/p>\n","protected":false},"excerpt":{"rendered":"<p>Der Vorstand (von links):Alexander Limp, Michael Klieber, Wolfgang Wagner, Michael Ke\u00dfler, Matthias Knapp, Walter Fieber, Kurt v. Rennenkampff, Jenny Heiligenthal, Irina Burger und Wolfgang Hering. Kontakt: 1. Vorsitzender:Michael Ke\u00dfler, Im Krappenklingen 2A, 69483 Wald-MichelbachTel.: 06207\/605976 &nbsp;oder &nbsp;0160\/94715454E-Mail: michael@uesc-waldmichelbach.de 2. Vorsitzender:Michael Klieber, Brunhildstra\u00dfe 5, 64689 WahlenTel.: 0152\/53446370E-Mail: michaelklieber(at)gmx.de Kassenwart:Walter Fieber,&nbsp;H\u00f6henstra\u00dfe 28, 69518 AbtsteinachTel.: 06207\/922033E-Mail:&nbsp;walter.fieber@t-online.de Schriftf\u00fchrerin:Irina Burger,&nbsp;Pestalozzistra\u00dfe [&hellip;]<\/p>\n","protected":false},"author":2,"featured_media":0,"parent":0,"menu_order":0,"comment_status":"closed","ping_status":"closed","template":"","meta":{"footnotes":""},"class_list":["post-568","page","type-page","status-publish","hentry"],"yoast_head":"<!-- This site is optimized with the Yoast SEO plugin v27.4 - https:\/\/yoast.com\/product\/yoast-seo-wordpress\/ -->\n<title>Der Vorstand 2024\/25 - \u00dcberw\u00e4lder Schulsportclub<\/title>\n<meta name=\"robots\" content=\"index, follow, max-snippet:-1, max-image-preview:large, max-video-preview:-1\" \/>\n<link rel=\"canonical\" href=\"https:\/\/www.uesc-waldmichelbach.de\/uesc\/der-vorstand-201617\/\" \/>\n<meta property=\"og:locale\" content=\"de_DE\" \/>\n<meta property=\"og:type\" content=\"article\" \/>\n<meta property=\"og:title\" content=\"Der Vorstand 2024\/25 - \u00dcberw\u00e4lder Schulsportclub\" \/>\n<meta property=\"og:description\" content=\"Der Vorstand (von links):Alexander Limp, Michael Klieber, Wolfgang Wagner, Michael Ke\u00dfler, Matthias Knapp, Walter Fieber, Kurt v. Rennenkampff, Jenny Heiligenthal, Irina Burger und Wolfgang Hering. Kontakt: 1. Vorsitzender:Michael Ke\u00dfler, Im Krappenklingen 2A, 69483 Wald-MichelbachTel.: 06207\/605976 &nbsp;oder &nbsp;0160\/94715454E-Mail: michael@uesc-waldmichelbach.de 2. Vorsitzender:Michael Klieber, Brunhildstra\u00dfe 5, 64689 WahlenTel.: 0152\/53446370E-Mail: michaelklieber(at)gmx.de Kassenwart:Walter Fieber,&nbsp;H\u00f6henstra\u00dfe 28, 69518 AbtsteinachTel.: 06207\/922033E-Mail:&nbsp;walter.fieber@t-online.de Schriftf\u00fchrerin:Irina Burger,&nbsp;Pestalozzistra\u00dfe [&hellip;]\" \/>\n<meta property=\"og:url\" content=\"https:\/\/www.uesc-waldmichelbach.de\/uesc\/der-vorstand-201617\/\" \/>\n<meta property=\"og:site_name\" content=\"\u00dcberw\u00e4lder Schulsportclub\" \/>\n<meta property=\"article:publisher\" content=\"https:\/\/www.facebook.com\/UESC.WaldMichelbach\" \/>\n<meta property=\"article:modified_time\" content=\"2024-05-09T21:45:25+00:00\" \/>\n<meta property=\"og:image\" content=\"https:\/\/www.uesc-waldmichelbach.de\/uesc\/wp-content\/uploads\/2022\/05\/vorstand_2022.jpg\" \/>\n<meta name=\"twitter:card\" content=\"summary_large_image\" \/>\n<meta name=\"twitter:label1\" content=\"Gesch\u00e4tzte Lesezeit\" \/>\n\t<meta name=\"twitter:data1\" content=\"1\u00a0Minute\" \/>\n<script type=\"application\/ld+json\" class=\"yoast-schema-graph\">{\"@context\":\"https:\\\/\\\/schema.org\",\"@graph\":[{\"@type\":\"WebPage\",\"@id\":\"https:\\\/\\\/www.uesc-waldmichelbach.de\\\/uesc\\\/der-vorstand-201617\\\/\",\"url\":\"https:\\\/\\\/www.uesc-waldmichelbach.de\\\/uesc\\\/der-vorstand-201617\\\/\",\"name\":\"Der Vorstand 2024\\\/25 - \u00dcberw\u00e4lder Schulsportclub\",\"isPartOf\":{\"@id\":\"https:\\\/\\\/www.uesc-waldmichelbach.de\\\/uesc\\\/#website\"},\"primaryImageOfPage\":{\"@id\":\"https:\\\/\\\/www.uesc-waldmichelbach.de\\\/uesc\\\/der-vorstand-201617\\\/#primaryimage\"},\"image\":{\"@id\":\"https:\\\/\\\/www.uesc-waldmichelbach.de\\\/uesc\\\/der-vorstand-201617\\\/#primaryimage\"},\"thumbnailUrl\":\"https:\\\/\\\/www.uesc-waldmichelbach.de\\\/uesc\\\/wp-content\\\/uploads\\\/2022\\\/05\\\/vorstand_2022.jpg\",\"datePublished\":\"2016-09-26T15:11:17+00:00\",\"dateModified\":\"2024-05-09T21:45:25+00:00\",\"breadcrumb\":{\"@id\":\"https:\\\/\\\/www.uesc-waldmichelbach.de\\\/uesc\\\/der-vorstand-201617\\\/#breadcrumb\"},\"inLanguage\":\"de\",\"potentialAction\":[{\"@type\":\"ReadAction\",\"target\":[\"https:\\\/\\\/www.uesc-waldmichelbach.de\\\/uesc\\\/der-vorstand-201617\\\/\"]}]},{\"@type\":\"ImageObject\",\"inLanguage\":\"de\",\"@id\":\"https:\\\/\\\/www.uesc-waldmichelbach.de\\\/uesc\\\/der-vorstand-201617\\\/#primaryimage\",\"url\":\"https:\\\/\\\/www.uesc-waldmichelbach.de\\\/uesc\\\/wp-content\\\/uploads\\\/2022\\\/05\\\/vorstand_2022.jpg\",\"contentUrl\":\"https:\\\/\\\/www.uesc-waldmichelbach.de\\\/uesc\\\/wp-content\\\/uploads\\\/2022\\\/05\\\/vorstand_2022.jpg\",\"width\":1024,\"height\":856},{\"@type\":\"BreadcrumbList\",\"@id\":\"https:\\\/\\\/www.uesc-waldmichelbach.de\\\/uesc\\\/der-vorstand-201617\\\/#breadcrumb\",\"itemListElement\":[{\"@type\":\"ListItem\",\"position\":1,\"name\":\"Startseite\",\"item\":\"https:\\\/\\\/www.uesc-waldmichelbach.de\\\/uesc\\\/\"},{\"@type\":\"ListItem\",\"position\":2,\"name\":\"Der Vorstand 2024\\\/25\"}]},{\"@type\":\"WebSite\",\"@id\":\"https:\\\/\\\/www.uesc-waldmichelbach.de\\\/uesc\\\/#website\",\"url\":\"https:\\\/\\\/www.uesc-waldmichelbach.de\\\/uesc\\\/\",\"name\":\"\u00dcberw\u00e4lder Schulsportclub\",\"description\":\"\u00dcberw\u00e4lder Sportverein\",\"publisher\":{\"@id\":\"https:\\\/\\\/www.uesc-waldmichelbach.de\\\/uesc\\\/#organization\"},\"potentialAction\":[{\"@type\":\"SearchAction\",\"target\":{\"@type\":\"EntryPoint\",\"urlTemplate\":\"https:\\\/\\\/www.uesc-waldmichelbach.de\\\/uesc\\\/?s={search_term_string}\"},\"query-input\":{\"@type\":\"PropertyValueSpecification\",\"valueRequired\":true,\"valueName\":\"search_term_string\"}}],\"inLanguage\":\"de\"},{\"@type\":\"Organization\",\"@id\":\"https:\\\/\\\/www.uesc-waldmichelbach.de\\\/uesc\\\/#organization\",\"name\":\"\u00dcberw\u00e4lder Schulsportclub\",\"url\":\"https:\\\/\\\/www.uesc-waldmichelbach.de\\\/uesc\\\/\",\"logo\":{\"@type\":\"ImageObject\",\"inLanguage\":\"de\",\"@id\":\"https:\\\/\\\/www.uesc-waldmichelbach.de\\\/uesc\\\/#\\\/schema\\\/logo\\\/image\\\/\",\"url\":\"https:\\\/\\\/www.uesc-waldmichelbach.de\\\/uesc\\\/wp-content\\\/uploads\\\/2022\\\/10\\\/cropped-UeSC-Logo-Varianten.png\",\"contentUrl\":\"https:\\\/\\\/www.uesc-waldmichelbach.de\\\/uesc\\\/wp-content\\\/uploads\\\/2022\\\/10\\\/cropped-UeSC-Logo-Varianten.png\",\"width\":240,\"height\":258,\"caption\":\"\u00dcberw\u00e4lder Schulsportclub\"},\"image\":{\"@id\":\"https:\\\/\\\/www.uesc-waldmichelbach.de\\\/uesc\\\/#\\\/schema\\\/logo\\\/image\\\/\"},\"sameAs\":[\"https:\\\/\\\/www.facebook.com\\\/UESC.WaldMichelbach\",\"https:\\\/\\\/www.instagram.com\\\/uesc.wamiba\\\/\"]}]}<\/script>\n<!-- \/ Yoast SEO plugin. -->","yoast_head_json":{"title":"Der Vorstand 2024\/25 - \u00dcberw\u00e4lder Schulsportclub","robots":{"index":"index","follow":"follow","max-snippet":"max-snippet:-1","max-image-preview":"max-image-preview:large","max-video-preview":"max-video-preview:-1"},"canonical":"https:\/\/www.uesc-waldmichelbach.de\/uesc\/der-vorstand-201617\/","og_locale":"de_DE","og_type":"article","og_title":"Der Vorstand 2024\/25 - \u00dcberw\u00e4lder Schulsportclub","og_description":"Der Vorstand (von links):Alexander Limp, Michael Klieber, Wolfgang Wagner, Michael Ke\u00dfler, Matthias Knapp, Walter Fieber, Kurt v. Rennenkampff, Jenny Heiligenthal, Irina Burger und Wolfgang Hering. Kontakt: 1. Vorsitzender:Michael Ke\u00dfler, Im Krappenklingen 2A, 69483 Wald-MichelbachTel.: 06207\/605976 &nbsp;oder &nbsp;0160\/94715454E-Mail: michael@uesc-waldmichelbach.de 2. Vorsitzender:Michael Klieber, Brunhildstra\u00dfe 5, 64689 WahlenTel.: 0152\/53446370E-Mail: michaelklieber(at)gmx.de Kassenwart:Walter Fieber,&nbsp;H\u00f6henstra\u00dfe 28, 69518 AbtsteinachTel.: 06207\/922033E-Mail:&nbsp;walter.fieber@t-online.de Schriftf\u00fchrerin:Irina Burger,&nbsp;Pestalozzistra\u00dfe [&hellip;]","og_url":"https:\/\/www.uesc-waldmichelbach.de\/uesc\/der-vorstand-201617\/","og_site_name":"\u00dcberw\u00e4lder Schulsportclub","article_publisher":"https:\/\/www.facebook.com\/UESC.WaldMichelbach","article_modified_time":"2024-05-09T21:45:25+00:00","og_image":[{"url":"https:\/\/www.uesc-waldmichelbach.de\/uesc\/wp-content\/uploads\/2022\/05\/vorstand_2022.jpg","type":"","width":"","height":""}],"twitter_card":"summary_large_image","twitter_misc":{"Gesch\u00e4tzte Lesezeit":"1\u00a0Minute"},"schema":{"@context":"https:\/\/schema.org","@graph":[{"@type":"WebPage","@id":"https:\/\/www.uesc-waldmichelbach.de\/uesc\/der-vorstand-201617\/","url":"https:\/\/www.uesc-waldmichelbach.de\/uesc\/der-vorstand-201617\/","name":"Der Vorstand 2024\/25 - \u00dcberw\u00e4lder Schulsportclub","isPartOf":{"@id":"https:\/\/www.uesc-waldmichelbach.de\/uesc\/#website"},"primaryImageOfPage":{"@id":"https:\/\/www.uesc-waldmichelbach.de\/uesc\/der-vorstand-201617\/#primaryimage"},"image":{"@id":"https:\/\/www.uesc-waldmichelbach.de\/uesc\/der-vorstand-201617\/#primaryimage"},"thumbnailUrl":"https:\/\/www.uesc-waldmichelbach.de\/uesc\/wp-content\/uploads\/2022\/05\/vorstand_2022.jpg","datePublished":"2016-09-26T15:11:17+00:00","dateModified":"2024-05-09T21:45:25+00:00","breadcrumb":{"@id":"https:\/\/www.uesc-waldmichelbach.de\/uesc\/der-vorstand-201617\/#breadcrumb"},"inLanguage":"de","potentialAction":[{"@type":"ReadAction","target":["https:\/\/www.uesc-waldmichelbach.de\/uesc\/der-vorstand-201617\/"]}]},{"@type":"ImageObject","inLanguage":"de","@id":"https:\/\/www.uesc-waldmichelbach.de\/uesc\/der-vorstand-201617\/#primaryimage","url":"https:\/\/www.uesc-waldmichelbach.de\/uesc\/wp-content\/uploads\/2022\/05\/vorstand_2022.jpg","contentUrl":"https:\/\/www.uesc-waldmichelbach.de\/uesc\/wp-content\/uploads\/2022\/05\/vorstand_2022.jpg","width":1024,"height":856},{"@type":"BreadcrumbList","@id":"https:\/\/www.uesc-waldmichelbach.de\/uesc\/der-vorstand-201617\/#breadcrumb","itemListElement":[{"@type":"ListItem","position":1,"name":"Startseite","item":"https:\/\/www.uesc-waldmichelbach.de\/uesc\/"},{"@type":"ListItem","position":2,"name":"Der Vorstand 2024\/25"}]},{"@type":"WebSite","@id":"https:\/\/www.uesc-waldmichelbach.de\/uesc\/#website","url":"https:\/\/www.uesc-waldmichelbach.de\/uesc\/","name":"\u00dcberw\u00e4lder Schulsportclub","description":"\u00dcberw\u00e4lder Sportverein","publisher":{"@id":"https:\/\/www.uesc-waldmichelbach.de\/uesc\/#organization"},"potentialAction":[{"@type":"SearchAction","target":{"@type":"EntryPoint","urlTemplate":"https:\/\/www.uesc-waldmichelbach.de\/uesc\/?s={search_term_string}"},"query-input":{"@type":"PropertyValueSpecification","valueRequired":true,"valueName":"search_term_string"}}],"inLanguage":"de"},{"@type":"Organization","@id":"https:\/\/www.uesc-waldmichelbach.de\/uesc\/#organization","name":"\u00dcberw\u00e4lder Schulsportclub","url":"https:\/\/www.uesc-waldmichelbach.de\/uesc\/","logo":{"@type":"ImageObject","inLanguage":"de","@id":"https:\/\/www.uesc-waldmichelbach.de\/uesc\/#\/schema\/logo\/image\/","url":"https:\/\/www.uesc-waldmichelbach.de\/uesc\/wp-content\/uploads\/2022\/10\/cropped-UeSC-Logo-Varianten.png","contentUrl":"https:\/\/www.uesc-waldmichelbach.de\/uesc\/wp-content\/uploads\/2022\/10\/cropped-UeSC-Logo-Varianten.png","width":240,"height":258,"caption":"\u00dcberw\u00e4lder Schulsportclub"},"image":{"@id":"https:\/\/www.uesc-waldmichelbach.de\/uesc\/#\/schema\/logo\/image\/"},"sameAs":["https:\/\/www.facebook.com\/UESC.WaldMichelbach","https:\/\/www.instagram.com\/uesc.wamiba\/"]}]}},"_links":{"self":[{"href":"https:\/\/www.uesc-waldmichelbach.de\/uesc\/wp-json\/wp\/v2\/pages\/568","targetHints":{"allow":["GET"]}}],"collection":[{"href":"https:\/\/www.uesc-waldmichelbach.de\/uesc\/wp-json\/wp\/v2\/pages"}],"about":[{"href":"https:\/\/www.uesc-waldmichelbach.de\/uesc\/wp-json\/wp\/v2\/types\/page"}],"author":[{"embeddable":true,"href":"https:\/\/www.uesc-waldmichelbach.de\/uesc\/wp-json\/wp\/v2\/users\/2"}],"replies":[{"embeddable":true,"href":"https:\/\/www.uesc-waldmichelbach.de\/uesc\/wp-json\/wp\/v2\/comments?post=568"}],"version-history":[{"count":26,"href":"https:\/\/www.uesc-waldmichelbach.de\/uesc\/wp-json\/wp\/v2\/pages\/568\/revisions"}],"predecessor-version":[{"id":2303,"href":"https:\/\/www.uesc-waldmichelbach.de\/uesc\/wp-json\/wp\/v2\/pages\/568\/revisions\/2303"}],"wp:attachment":[{"href":"https:\/\/www.uesc-waldmichelbach.de\/uesc\/wp-json\/wp\/v2\/media?parent=568"}],"curies":[{"name":"wp","href":"https:\/\/api.w.org\/{rel}","templated":true}]}}